
True
Does 436 divide 558756?
False
Is 5965876 a multiple of 889?
False
Is 845 a factor of 618348?
False
Is 641 a factor of 145364?
False
Is 5106842 a multiple of 13?
True
Is 4190529 a multiple of 703?
False
Is 54 a factor of 23451?
False
Is 38 a factor of 8200134?
True
Is 65 a factor of 352502?
False
Does 83 divide 45687?
False
Does 24 divide 1133456?
False
Does 17 divide 22368?
False
Is 9267056 a multiple of 1026?
False
Is 3 a factor of 238953?
True
Is 5628433 a multiple of 28?
False
Does 7 divide 350176?
False
Is 1124398 a multiple of 440?
False
Is 60 a factor of 855207?
False
Does 67 divide 58491?
True
Is 13442942 a multiple of 47?
False
Is 3 a factor of 434079?
True
Is 12392066 a multiple of 21?
False
Is 281 a factor of 5047589?
False
Is 881970 a multiple of 15?
True
Does 1157 divide 33045583?
False
Does 6 divide 1238985?
False
Is 258290 a multiple of 10?
True
Does 287 divide 295897?
True
Is 143 a factor of 266695?
True
Does 17 divide 460802?
True
Is 300 a factor of 1258227?
False
Does 686 divide 26620448?
False
Is 31682 a multiple of 39?
False
Is 8849705 a multiple of 131?
True
Is 600054 a multiple of 157?
True
Is 260 a factor of 777660?
True
Is 400651 a multiple of 56?
False
Does 29 divide 2651374?
False
Does 2 divide 267303?
False
Is 147015 a multiple of 21?
False
Is 17 a factor of 4150278?
True
Is 280604 a multiple of 41?
True
Is 13 a factor of 15406470?
False
Is 140 a factor of 126105?
False
Is 1529 a factor of 15268594?
True
Is 12710988 a multiple of 10?
False
Does 12 divide 187152?
True
Is 208722 a multiple of 6?
True
Does 89 divide 7149532?
False
Is 68541 a multiple of 93?
True
Is 165564 a multiple of 86?
False
Is 121800 a multiple of 140?
True
Does 24 divide 862854?
False
Is 1698340 a multiple of 196?
True
Does 41 divide 121196?
True
Is 994209 a multiple of 123?
True
Is 281 a factor of 2015544?
False
Does 15 divide 33270?
True
Is 13871858 a multiple of 1859?
True
Does 5 divide 194455?
True
Is 73390 a multiple of 35?
False
Does 17 divide 161415?
True
Is 38 a factor of 1978521?
False
Is 64926 a multiple of 18?
True
Is 76 a factor of 560652?
True
Is 10298760 a multiple of 38?
True
Is 23672880 a multiple of 1220?
True
Does 152 divide 1274905?
False
Is 205 a factor of 11192385?
True
Is 2739677 a multiple of 47?
True
Is 12 a factor of 51377?
False
Is 95 a factor of 909977?
False
Is 102093 a multiple of 3?
True
Is 3890766 a multiple of 66?
True
Does 30 divide 175500?
True
Is 4524291 a multiple of 1224?
False
Is 182740 a multiple of 10?
True
Is 6 a factor of 35898?
True
Does 586 divide 881930?
True
Is 17 a factor of 2557493?
False
Is 182 a factor of 1383390?
False
Is 123132 a multiple of 93?
True
Is 236716 a multiple of 15?
False
Is 637988 a multiple of 198?
False
Is 57 a factor of 109953?
True
Does 17 divide 8730401?
True
Is 764300 a multiple of 50?
True
Is 52545 a multiple of 93?
True
Is 27907 a multiple of 473?
True
Is 369 a factor of 118394?
False
Does 357 divide 2254738?
False
Is 1816717 a multiple of 1226?
False
Is 2877854 a multiple of 14?
True
Is 997 a factor of 3650979?
False
Is 124091 a multiple of 30?
False
Is 12 a factor of 145140?
True
Does 71 divide 6234517?
False
Is 5 a factor of 3432351?
False
Does 818 divide 313656?
False
Is 1198900 a multiple of 19?
True
Is 621 a factor of 13149784?
False
Is 29 a factor of 3348108?
True
Does 183 divide 267517?
False
Is 54384 a multiple of 66?
True
Is 13 a factor of 324415?
True
Is 11 a factor of 472351?
True
Does 136 divide 5930168?
False
Does 588 divide 334572?
True
Is 31 a factor of 16206087?
True
Is 5 a factor of 2721?
False
Does 1159 divide 2741035?
True
Does 103 divide 108667?
False
Is 2643366 a multiple of 25?
False
Is 64 a factor of 9136448?
True
Is 42 a factor of 87009?
False
Does 93 divide 14824?
False
Is 4138222 a multiple of 11?
True
Does 320 divide 262400?
True
Is 305448 a multiple of 13?
True
Does 131 divide 228370?
False
Is 18 a factor of 131934?
False
Is 65 a factor of 1664?
False
Does 91 divide 41314?
True
Does 167 divide 6273355?
True
Does 256 divide 850688?
True
Is 12886752 a multiple of 1928?
True
Is 58 a factor of 1880284?
False
Is 318836 a multiple of 11?
False
Does 34 divide 75612?
False
Is 211 a factor of 98791?
False
Is 93 a factor of 289323?
True
Is 15476 a multiple of 73?
True
Is 107 a factor of 16179973?
False
Is 203 a factor of 15643857?
False
Is 1106360 a multiple of 1627?
True
Is 189 a factor of 235116?
True
Is 204158 a multiple of 23?
False
Is 792622 a multiple of 5?
False
Does 15 divide 3780543?
False
Does 172 divide 75636?
False
Is 421 a factor of 19808892?
True
Does 100 divide 13600?
True
Is 560523 a multiple of 73?
False
Is 26 a factor of 76336?
True
Is 1101433 a multiple of 15?
False
Is 38 a factor of 297171?
False
Is 45408 a multiple of 44?
True
Does 3 divide 287772?
True
Is 30 a factor of 105540?
True
Is 51 a factor of 1854903?
False
Is 39013 a multiple of 11?
False
Is 447485 a multiple of 5?
True
Does 332 divide 4848511?
False
Is 16949205 a multiple of 9?
True
Does 497 divide 1290596?
False
Is 21566 a multiple of 15?
False
Is 385 a factor of 3290824?
False
Does 10 divide 6474360?
True
Is 39 a factor of 1811466?
False
Is 1143723 a multiple of 12?
False
Is 113 a factor of 358188?
False
Is 108 a factor of 193212?
True
Is 46314 a multiple of 5?
False
Is 56044 a multiple of 5?
False
Does 11 divide 2387484?
True
Does 14 divide 5704990?
False
Does 27 divide 13346640?
True
Does 3 divide 8544?
True
Is 18375 a multiple of 7?
True
Does 1096 divide 667633?
False
Is 37 a factor of 109356?
False
Is 974896 a multiple of 16?
True
Is 269343 a multiple of 9?
True
Does 2 divide 32812?
True
Is 850 a factor of 751400?
True
Is 6065122 a multiple of 18?
False
Is 3 a factor of 21885?
True
Is 5 a factor of 883413?
False
Is 1123201 a multiple of 151?
False
Is 1449 a factor of 17824149?
True
Does 11 divide 2949390?
False
Does 13 divide 247000?
True
Does 208 divide 217152?
True
Is 2 a factor of 2316182?
True
Is 2 a factor of 86345?
False
Is 26 a factor of 32032?
True
Is 94 a factor of 47846?
True
Is 857 a factor of 16086747?
True
Is 385968 a multiple of 473?
True
Does 3 divide 128510?
False
Is 91839 a multiple of 121?
True
Is 5145433 a multiple of 23?
False
Is 63 a factor of 838593?
True
Does 3 divide 60399?
True
Does 18 divide 9744785?
False
Does 40 divide 22690?
False
Is 2666940 a multiple of 9?
False
Is 462 a factor of 849736?
False
Does 13 divide 205160?
False
Does 296 divide 1867464?
True
Does 626 divide 7264730?
True
Is 373356 a multiple of 33?
False
Does 21 divide 271404?
True
Does 10 divide 83487?
False
Is 617 a factor of 1567797?
True
Is 507 a factor of 793933?
False
Is 628 a factor of 215564?
False
Is 1105945 a multiple of 593?
True
Is 178909 a multiple of 167?
False
Is 4190574 a multiple of 6?
True
Is 615342 a multiple of 182?
True
Does 148 divide 169460?
True
Is 50 a factor of 378552?
False
Is 9 a factor of 70434?
True
Does 1201 divide 1697013?
True
Does 59 divide 1255225?
True
Is 59885 a multiple of 59?
True
Is 26 a factor of 170507?
False
Is 302 even?
True
Is 199 a factor of 1571901?
True
Is 6 a factor of 310812?
True
Is 43407 a multiple of 237?
False
Does 527 divide 206057?
True
Is 5862486 a multiple of 123?
False
Is 10 a factor of 38191?
False
Is 4687140 a multiple of 30?
True
Is 11339142 a multiple of 26?
False
Does 158 divide 89087?
False
Is 402 a factor of 367101?
False
Is 11 a factor of 2444640?
True
Is 881034 a multiple of 450?
False
Does 681 divide 1080769?
False
Is 1231171 a multiple of 344?
False
Is 192 a factor of 4263168?
True
Is 5915 a multiple of 128?
False
Does 16 divide 269952?
True
Does 22 divide 165550?
True
Does 108 divide 5286276?
True
Is 552 a factor of 2546982?
False
Is 151944 a multiple of 128?
False
Does 308 divide 60676?
True
Is 16 a factor of 315926?
False
Is 75 a factor of 62535?
False
Is 2063437 a multiple of 77?
False
Is 10922703 a multiple of 488?
False
Is 502140 a multiple of 6?
True
Is 853776 a multiple of 88?
True
Does 43 divide 3457242?
False
Does 14 divide 637070?
True
Does 231 divide 184107?
True
Is 7 a factor of 20844167?
False
Does 3 divide 6318?
True
Is 1640016 a multiple of 112?
True
Does 19 divide 1419547?
True
Is 2118280 a multiple of 40?
True
Does 4 divide 3750957?
False
Does 147 divide 887733?
True
Is 55791 a mult